uppose x*i = 4*i - 4*s - 7, -5*i + 20 = -5*s. Suppose -i*f + 4*v + 121 = 0, -3*v + 4*v = -2*f + 88. Is f a composite number?
False
Let x = 726 - 176. Let b(k) = 87*k + 3. Let y be b(-4). Let n = x + y. Is n a prime number?
False
Suppose -5*o + 13255 = -5*l, -3*o - l + 3228 = -4725. Is o a prime number?
False
Let m(i) = -i**2 + i + 119. Suppose 2*n - 8 = w, -3*n - n = -20. Suppose -4*b = k - 8, -2*k + 0*k + b = w. Is m(k) composite?
True
Suppose 5*v = -8 + 33. Suppose 5*a + 43 + 3 = h, 4*h + v*a - 109 = 0. Is h a composite number?
False
Suppose -l = 5*g - 0*l + 10, 17 = 3*g - 4*l. Let j be g/3 - 6464/(-24). Suppose -3*r + 289 = -5*x, 2*r + r + 5*x = j. Is r prime?
False
Let z(p) = p**3 - 5*p**2 - 6*p - 3. Suppose -d = -1 - 6. Is z(d) prime?
True
Let f(z) = -z**2 + 9*z - 4. Let q be f(7). Let x(g) = -g**3 + 13*g**2 + 9*g + 1. Is x(q) a composite number?
True
Suppose 8 = -2*p + 2. Let q be (-60)/7*63/p. Suppose -4*j = -t + 97, -2*j = -2*t - 16 + q. Is t composite?
True
Is 37 + -3*(-8)/(-12) composite?
True
Let x be 1 - (-4 - (1 - 2)). Suppose -3*t = -x*t. Is (19*5)/(1 + t) composite?
True
Let o = -506 + 739. Is o prime?
True
Let h(j) = 102*j + 5. Is h(4) a prime number?
False
Let v = -324 - -661. Is v a prime number?
True
Suppose 4*x = 4*b + 24, x = -5*b - 17 - 7. Let t be (-1 + x)*(-2 + 1). Suppose 4*j + j - 55 = t. Is j composite?
False
Suppose y = 5 + 5. Let w(n) = -n**3 + 12*n**2 - n - 5. Is w(y) composite?
True
Suppose -t = 2*b - 1, -4*t = 3 + 1. Let g(w) = -3*w**3 - w**2 - w + 1. Let c be g(b). Is 5/(-20) - 485/c a prime number?
False
Suppose -2 = -g, 5*x + 1570 - 10043 = -4*g. Is x a composite number?
False
Let h(g) = -g - 6. Let l be h(4). Let x(n) = -n - 1. Let u(m) = -7*m + 3. Let o(z) = u(z) - 4*x(z). Is o(l) a composite number?
False
Let j be 0/2 + 2 + 3. Suppose -4*o = -144 - 64. Suppose 0 = c + j*n + 11 - o, 29 = c + 2*n. Is c a composite number?
True
Suppose 0 = k - 5*k - 176. Let g = 38 - k. Let m = -49 + g. Is m a prime number?
False
Let i = 1699 + -532. Is i a composite number?
True
Is 1/(5/645*3) composite?
False
Let w(t) = 8*t**2 - 17*t - 24. Is w(-7) composite?
False
Suppose v - 5*o - 497 = 0, -o + 270 = 2*v - 702. Is v a prime number?
True
Suppose -5*w + 71 = -3*p - 3*w, 4*p + 88 = 4*w. Let l = p + 176. Is l a prime number?
True
Suppose -15*t + 19*t = 3516. Is t a composite number?
True
Let v(u) be the second derivative of u**5/20 + 3*u**4/4 + u**3 + 9*u**2/2 - u. Is v(-8) a composite number?
True
Let y(r) = 381*r - 9. Is y(2) prime?
False
Let f(p) = -p**2 - 1. Let t be f(-1). Let a = t + 2. Suppose a = -r - 2*r + 69. Is r prime?
True
Suppose 3*o + o = -16, 0 = 3*t + 2*o - 625. Is t a composite number?
False
Let x be -3 - 2*(-182)/4. Let k = x + -35. Is k prime?
True
Let n(k) = -294*k**3 + k**2. Is n(-1) prime?
False
Suppose 3*h = 9*h + 666. Suppose 0 = 3*z + 171 + 321. Let d = h - z. Is d a prime number?
True
Let y = 5 + -3. Suppose -20 = -y*u - 0*u. Let r(x) = x**2 - 7*x - 7. Is r(u) prime?
True
Let k be 22/6 + 1/3. Let u be (5/(-3))/((-5)/75). Suppose -u + 109 = k*f. Is f a composite number?
True
Suppose -1 = -i - 0. Let v(d) = -18*d. Let o be v(-5). Let x = o - i. Is x a prime number?
True
Suppose -6*g = -5 - 253. Is g a prime number?
True
Suppose -2*j + 0*j = -2*l - 334, 2*l = 5*j - 340. Is l/10*10/(-3) a prime number?
False
Let k(l) = 2*l**2 - 12*l - 4. Let w be k(6). Is 392 + w + 2 - -3 a prime number?
False
Let c = 84 - 47. Let a = -3 - -32. Suppose 0 = -3*d + a + c. Is d a composite number?
True
Let h(p) = p + 15. Let n be h(-11). Suppose -u + 21 = 3*t - t, 63 = 3*u - t. Suppose -51 - u = -2*s - 4*z, -3*s - n*z + 98 = 0. Is s a prime number?
False
Suppose -5 - 30 = -5*g. Let i(p) = 2*p**2 + 2*p - 5. Let q be i(g). Let d = q - 30. Is d composite?
True
Suppose 5*q - 544 = 291. Is q prime?
True
Let n(g) = -7*g + 6. Is n(-7) a composite number?
True
Suppose 0 = -3*b + 94 + 1217. Suppose -b = -5*v + 8. Is v a composite number?
False
Suppose -71 = -2*y - 3*x + 12, -3*y - 5*x = -127. Is y prime?
False
Suppose -3*p - 2*p = -10. Suppose -2 = -p*s + 2. Suppose s*k = 5*k - 555. Is k prime?
False
Suppose y = -0*y + 5*x + 13, -5*y = 5*x + 25. Let m be ((-6)/4)/(y/4). Let u = m - -10. Is u a prime number?
True
Let b = 19 - 14. Suppose -b*r = 2*s - 6*r - 79, 5*s - 3*r - 200 = 0. Is s a composite number?
False
Let n be 1/(26/8 - 3). Suppose -n*c = -95 - 117. Is c prime?
True
Suppose -3*k + 2*k - 5*h - 18 = 0, 3*h - 6 = 5*k. Let v be (-2)/8 - k/12. Suppose 100 = 3*g + g + 5*f, v = -5*f. Is g a prime number?
False
Let l = -123 - -242. Is l a prime number?
False
Let i(p) = 2*p**2 - p - 4. Let h = 6 + -3. Suppose 0*v = -v + h. Is i(v) prime?
True
Suppose 0 = -4*z + 13 + 19. Suppose 4*l = z*l - 12. Suppose 60 = t + l*t. Is t a composite number?
True
Let d be 26 + 2 - (-7 - -6). Suppose d = 2*s - 137. Is s prime?
True
Let f(c) = -c**2 - 74. Let r be f(0). Let k be (366/10)/(10/50). Let j = k + r. Is j a composite number?
False
Let n = -1308 + 2111. Suppose 5*v = n + 1262. Is v a composite number?
True
Suppose -4*x - 5*x = -78687. Is x a prime number?
False
Suppose -3*n + 1820 = 4*q - n, 2275 = 5*q + 2*n. Suppose 3*m + 3*a = 1256 - q, 0 = -5*m + a + 1335. Is m prime?
False
Let s(d) = 3*d**2 - 2*d + 1. Let g be s(1). Suppose -4*w + g*y = -1506, 3 = 2*y + 1. Is w a prime number?
False
Suppose p = k, 5*p + 2*k = 9 + 5. Suppose -6*h + 320 = 4*s - p*h, -3*s = 2*h - 239. Is s a composite number?
False
Suppose 116 = 2*k + 2*m - 476, -k - 2*m = -293. Is k composite?
True
Suppose 2*j = 3*j - 102. Suppose 10 = 7*d - 2*d, -12 = -4*b + 2*d. Suppose 2*y - 4*l = -y + 163, -2*y = b*l - j. Is y a composite number?
False
Suppose 4*x - x - 12 = 0. Suppose -x*b + 33 = -19. Is b composite?
False
Suppose 4623 = 3*h + 2*r, -4*h = -2*h + 5*r - 3071. Is h composite?
False
Let b(c) = 36*c - 7. Is b(6) a composite number?
True
Suppose 5*r + 4*x = 10, r + 4*x - 3 = -1. Let z(b) = -2*b**3 + 3*b**2 - 3*b + 1. Let y be z(r). Is 52/(-6)*y/6 composite?
False
Let f be 10/(0 - -2) - 0. Let c = 0 + f. Suppose 0 = -o + 3*j + 15, 2*o + c*j + 11 = 3*o. Is o composite?
True
Let j = 4 + -7. Let a(m) = 3*m**2 - 2*m. Is a(j) prime?
False
Let k(v) = -v**3 + 10*v**2 + 11*v + 6. Let g be k(11). Suppose 2*w = 6*w + 5*a + 12, w + g = -2*a. Suppose -18 = -f - w*f. Is f a composite number?
True
Suppose 4*l + 4*s - 4 = 0, -3*l + 7 = s - 2*s. Suppose 5*g = -3 - l. Is 3 + g + (-1 - -32) a composite number?
True
Is 1 - 296/12*27/(-3) prime?
True
Suppose 4*a - 232 - 356 = 0. Let s be 1/(-2) + a/6. Let f = s + -13. Is f a composite number?
False
Let v(n) = 2*n**3 + n**2 + 2. Let o be v(3). Suppose 0 = -2*m + 2*f + o + 309, 4*m - 5*f = 744. Is m composite?
False
Suppose -q = -1301 - 18. Is q a composite number?
False
Let r be (7 - 5)*103/(-2). Let w = r - -180. Is w prime?
False
Let z(r) = -6*r - 15. Suppose 3*v = -v - 32. Is z(v) a composite number?
True
Suppose 4*i = 4*h - 2*h + 14, -9 = -5*h - i. Let j be (-62 - 0)/((-1)/h). Is (-1)/(184/j + -3) prime?
True
Let t(k) = -8*k**3 - 2*k**2 - 2*k - 1. Is t(-3) composite?
True
Is -2*5/((-20)/422) composite?
False
Let j be 15/(3 + 168/(-57)). Suppose w + j = 4*w. Is w composite?
True
Let n = -12 + 17. Suppose 247 = n*l - 158. Suppose -s + l = 2*y, -3*s + 4*y = -24 - 209. Is s a prime number?
True
Suppose x + 3*x - 36 = 0. Suppose -x = -3*l - 3*z, 0*l - 5*l + 4*z = -33. Suppose -a - 3*a - 18 = -l*k, -2*a = -k. Is k a composite number?
True
Let u be ((-2)/(-3))/(2/(-3)). Is 1/(u*(-3)/777) a composite number?
True
Suppose -7*a + 12*a - 415 = 0. Is a prime?
True
Suppose 835 = 2*m - 3*p, 2*m = -2*m + 2*p + 1674. Is m composite?
False
Let b = -15 - -19. Let p be (-1 + 1)*(-6 + 5). Suppose 0*l - b*l + 196 = p. Is l composite?
True
Suppose 4*q = -f + q - 627, 0 = 5*f - 3*q + 3135. Is (7/3)/((-11)/f) prime?
False
Let f = -164 + 381. Is f prime?
False
Let c be -4*((-9)/4)/(-3). Let d(k) be the second derivative of k**4/12 - k**3/2 - 2*k**2 - k. Is d(c) prime?
False
Let y = -3 - -6. Let s = -51 - -23. Let q = y - s. Is q a composite number?
False
Let j = -2449 - -4320. Is j composite?
False
Suppose -1030 = -5*u - 5*m, 3*u - 129 = m + 469. Is u a prime number?
False
Let k be -614*3/(-6) + -3. Let b = k - 215. Is b a composite number?
False
Suppose 5 = g +